 -5*s + 46, 4*f + 2*s - 46 = 0. What is the units digit of f?
9
Let l = 211 - 71. Suppose s - 5*m = -4*s + l, 18 = s - 3*m. Suppose -3 = 5*p - s. What is the units digit of p?
6
Suppose 0 = -23*b + 13*b + 1700. What is the hundreds digit of b?
1
Let k(q) be the third derivative of 1/12*q**4 + 0 + 3*q**2 - 4/3*q**3 + 0*q. What is the units digit of k(6)?
4
Let p be (6/3)/(-4)*-14. Let f = 7 - p. Suppose -4*b = -24 - f. What is the units digit of b?
6
What is the tens digit of (-399)/(-12) - 2/8?
3
Let z(l) = 18*l**2. Let k be z(-1). Let a = k + 8. What is the tens digit of a?
2
Suppose 2*k = -3*k + 100. Let f be 17/5 - 8/k. Suppose -4*v = 16, -2*q - q + f*v = -27. What is the units digit of q?
5
Suppose 0 = -0*l + 5*l + 65. Let d(f) = -f**2 - 15*f + 17. What is the units digit of d(l)?
3
Suppose -3*f = -4 - 5. Suppose -3 = -f*c - 39. What is the tens digit of (c/5 - -3)*35?
2
Suppose 44 = -4*d + 6*d. Suppose -2*y = 6 - d. What is the units digit of y?
8
Let d be 1/(-5) + (-78)/(-15). Suppose -k = -5, -5*h = -4*k + 3*k + 25. Let w = d + h. What is the units digit of w?
1
Suppose 2*x + 272 = m, 0 = -2*m + 3*x + 438 + 103. What is the units digit of m?
6
Let y = 271 - -99. What is the units digit of y?
0
Let j(u) = 8*u**2 - 5*u + 2. Let l(c) = -c**2 + c. Let v(x) = j(x) + 6*l(x). Suppose 4*k = 4*s - 24, k = 5*s - 22 - 0. What is the units digit of v(k)?
8
Suppose k - 12 = 1. Suppose g = 4*p + k, 5*g - 2*p - 17 = -6*p. Suppose -2*a + z = -14, g = a + 4*z - 5*z. What is the units digit of a?
9
Let g(a) = 2*a**2 - 6*a - 1. What is the tens digit of g(-5)?
7
Let b(n) = -n**3 + 6*n**2 + 8*n - 2. Let u be b(7). Let i = u - -1. Suppose -i*t + t = -5*y + 30, t = 4*y - 39. What is the units digit of y?
1
Let k(u) = -u**3 - 4*u**2 - 2*u. Let j be k(-2). Let a be (-3)/(-12) + 1/j. Let t(o) = o**2 + 7. What is the units digit of t(a)?
7
Let g(c) = c**2 + 8*c - 1. Let s be g(-5). Let w = -9 - s. What is the units digit of w?
7
What is the hundreds digit of (3/(-2))/((-5)/360)?
1
Let o(g) = -g**2 - 9*g - 8. Let i be o(-8). Suppose 4*f - 8*f + 92 = i. What is the tens digit of f?
2
Let w = 4 - -49. What is the tens digit of w?
5
Let j(x) = 5*x + 1. Let b(i) = -3*i + 3*i - 2*i. Let y(o) = -14*b(o) - 6*j(o). What is the units digit of y(-5)?
4
What is the units digit of 1848/54 + 2/(-9)?
4
Suppose 81 = 3*x + w + 2*w, -4*w = -2*x + 84. What is the units digit of x?
2
Let b(s) = 2*s**3 + s**2 + 2*s + 1. Let m be b(-1). Let d(x) = -3*x**3 - 4*x**2 - 3*x. Let n be d(m). What is the tens digit of 0 + n + 2/2?
1
Let f(l) = -l**2 + 2*l + 11. Let n(t) = t - 1. Let d(u) = f(u) + 4*n(u). What is the units digit of d(6)?
7
Suppose -713 = -4*h + 2*h + 5*y, 0 = -4*h - y + 1459. What is the hundreds digit of h?
3
Suppose -4 = q, 5*s + 0*q = q + 4. Suppose 3*f = -0*w + 4*w + 20, 3*w + 6 = s. Let b = 11 - f. What is the units digit of b?
7
Let l(x) = x**2 - x - 2. Let w be l(2). Suppose -5*g + 4*m = 12, 5*g + 5*m = -w + 15. Suppose 8 = 4*j - g. What is the units digit of j?
2
Suppose 0*k = 6*k - 6. What is the units digit of k?
1
Suppose 2*p + 0*g = -4*g - 16, -2*p = g + 1. Suppose 3*r = 3*m + 9, -2*m + 5 = p*r + 3. Suppose r = -3*v + 4*v. What is the units digit of v?
2
What is the units digit of ((-981)/(-18))/((-3)/(-6))?
9
Let c(k) = 16*k - 20. What is the units digit of c(7)?
2
Suppose 4*o + 3*x = -o + 1124, 3*x - 898 = -4*o. What is the tens digit of o/12 - (-5)/30?
1
Let n(p) = 1 - 2*p**2 - 2*p - p**3 - p**2 + 0. Let j be n(-3). Suppose 2*h + 10 = j*h. What is the units digit of h?
2
Let p(s) = s**3 - 10*s**2 - 11*s + 2. Let k be p(11). Let n = k + 13. What is the tens digit of n?
1
Suppose -3*f = l + 3*l - 28, 5*f - 32 = -3*l. What is the units digit of f?
4
Suppose 0 = 2*v - 0*v. Suppose 0 = z - v*z - 10. Suppose -z = 4*i - 6*i. What is the units digit of i?
5
Suppose 32 = -4*j - 72. What is the units digit of ((-1)/(-2))/((-13)/j)?
1
Let l be 4/5*(-40)/(-16). Suppose -2*x + a + 17 = -10, l*x = 4*a + 12. What is the units digit of x?
6
Suppose 0 = -4*r - 0*r + 80. What is the tens digit of r?
2
Let o(t) = -t - 3. Suppose 0*w - 3*w = 18. Let i be o(w). Suppose -5*x + 4*n = -16, -x - n - 7 = -i*x. What is the units digit of x?
4
Let w = -13 + 14. What is the units digit of w?
1
Suppose -l + 29 = 3*j, -2*j = -0*j - 10. Let p be -2 + l/4*6. Suppose 4 = -o, p = m - 0*m - 3*o. What is the units digit of m?
7
Suppose x + 8 = d, -2*d - 2*x - 2*x - 14 = 0. Suppose 13 = 3*r - k, 5*r = -d*k - k + 33. Suppose r*v - 41 = -1. What is the units digit of v?
8
Suppose -2*i + 5*q - 19 = 59, -3*i - 5*q = 117. Let a = i - -83. What is the units digit of a?
4
Let s(h) be the second derivative of h**5/20 - 5*h**4/12 + 7*h**3/6 - 5*h**2/2 + 3*h. Let f = 1 + 3. What is the units digit of s(f)?
7
Let d = 1 + 3. Let c(v) = -v**2 + 4*v + 2. Let s be c(d). Let n(x) = 6*x. What is the units digit of n(s)?
2
Suppose 7*i - 3*i = -12. What is the units digit of (-1)/(2*i/12)?
2
Let z(d) = 3*d + 3. Let t be z(-6). What is the units digit of (-10)/t - 1/(-3)?
1
Let u(b) = -b - 18. Let h be u(16). Suppose 2*x + 2*x - 52 = 2*t, 3*t + 3*x + 69 = 0. Let c = t - h. What is the tens digit of c?
1
Let w(y) = y + 2. Let u(a) = -2*a**3 + 3*a**2 - 2*a + 3. Let i be u(2). Let f = 4 + i. What is the units digit of w(f)?
1
Suppose -4*h - h = -10, 2*w = -5*h + 132. Suppose -65 = -5*t - i, 5*i = t - w + 22. What is the units digit of t?
4
What is the units digit of (4/1)/((-27)/33 - -1)?
2
Let b(f) = f**3 - 4*f**2 + 7*f - 10. Let t(l) = -2*l**3 + 3*l**2 - 8*l + 11. Let c(s) = -3*b(s) - 2*t(s). What is the units digit of c(-6)?
8
Let v = 117 + 85. What is the units digit of v?
2
Let p = -46 + 91. What is the tens digit of p?
4
Suppose 8 = 5*w + 2*k, 20 = 3*w + 7*k - 2*k. Suppose 2*j - 3*f = 106, w = 4*j - j - 5*f - 158. What is the units digit of j?
6
Suppose 0 = 2*z - 5*h - 10, -z - 4*h + 1 = -17. What is the tens digit of z?
1
Let l(j) = -j**2 - 5*j - 1. Let u be l(-4). Suppose -4*o + 70 = 3*b, 7*b - 115 = u*b - o. What is the units digit of b?
0
Let t = -1 - -10. Suppose t = l - 11. What is the units digit of l?
0
Suppose 10*t = 16*t - 114. What is the tens digit of t?
1
Let m(i) = i**2 - i + 14. Let p be m(0). Suppose 2*a - p = 18. What is the units digit of (-4)/(-8)*1*a?
8
Suppose -m = -5*m - 56. Let y = -24 - m. What is the tens digit of 6*(0 + y/(-4))?
1
Suppose 2*h - 6*h = -8. Suppose l + h*l = 39. Suppose l = 2*q + 5. What is the units digit of q?
4
Let l = 11 + -4. Let t(s) = -s**2 + 8*s + 6. What is the units digit of t(l)?
3
Let t(u) = -u**3 + 2*u**2 + 3*u - 4. Let w be t(3). What is the tens digit of (-50)/(-4) - w/8?
1
Let x = -6 + 13. Let y(o) = o - 1. Let s(w) = -w**2 + 4*w - 5. Let c(k) = -s(k) - 4*y(k). What is the units digit of c(x)?
2
Let o(g) = g**3 - 7*g**2 + 2*g - 10. Let c be o(7). Suppose 3*r = -c*i - 36, -i + 0*i + 4*r = -10. What is the units digit of ((-8)/i)/((-4)/(-12))?
4
What is the units digit of (-10)/35 + (-195)/(-21)?
9
Let j(a) = -a**3 - 2*a**2 - 2*a - 1. Let f be j(-2). Suppose -2*x = -5*m + 73, f*m + 35 = 6*m + x. What is the units digit of m?
3
Let f(u) = -u + 5. Let g(a) = a**3 + 2*a**2 - 2*a - 1. Let l be g(-2). Let z be f(l). Let n = 5 - z. What is the units digit of n?
3
Let q = 130 - 76. What is the units digit of q?
4
Let v(w) = 4*w + 3. What is the units digit of v(8)?
5
Let m = -17 - -21. What is the tens digit of (m/10)/((-10)/(-850))?
3
Let i(r) = r**2 + 5*r + 4. Let p be i(-5). Suppose -p*b - v = v - 24, -4*v = -2*b + 2. Suppose -b*k + 29 = -1. What is the units digit of k?
6
Suppose -2*j = 2*s - 5*s - 47, 46 = 2*j - 4*s. What is the units digit of j?
5
Let c(i) be the first derivative of 9*i**2/2 - i - 1. Let q be c(2). Suppose 4*p - q + 5 = 0. What is the units digit of p?
3
What is the tens digit of ((-24)/(-9))/((-2)/(-39))?
5
Let b(g) = 2*g**2 - 21*g - 11. What is the hundreds digit of b(16)?
1
Let p(a) = 2*a. Let z be p(2). Let t = z + -2. Suppose -t*u = -19 - 5. What is the units digit of u?
2
Let p be (0 + (-3 - 1))*-1. Suppose -32 = -4*d - p. What is the units digit of d?
7
Let x(w) = -2*w + 4. Let v be (10/6)/((-5)/(-15)). Suppose -v = r + 5*q, 3*r - 3*q + 15 = -6*q. What is the tens digit of x(r)?
1
Suppose 3*b = 2*b + 2. Let u be b/(-13) + 152/(-26). 